 (base 10) to base 9.
2576650
What is 23240611 (base 8) in base 11?
2948a42
What is -12022401 (base 5) in base 7?
-641355
What is 122b2b (base 13) in base 9?
732265
Convert 1065742 (base 8) to base 4.
1012233202
11605450 (base 8) to base 13
6b7879
What is -bc8c (base 13) in base 11?
-1884a
Convert -637ed (base 16) to base 7.
-3315100
What is 4236022 (base 7) in base 15?
a2227
What is -15124043 (base 6) in base 9?
-878400
Convert 51233 (base 11) to base 14.
1d39c
Convert -40512405 (base 6) to base 5.
-244114001
10312310120 (base 4) to base 15
1a2342
-11433024 (base 5) to base 9
-174761
Convert -2054126 (base 7) to base 14.
-66916
What is 11002222200002 (base 3) in base 5?
1024401242
Convert 1331131131 (base 4) to base 11.
3210a9
What is -21112020210212 (base 3) in base 9?
-7466725
What is -1385278 (base 10) in base 6?
-45405154
Convert -1459584 (base 11) to base 16.
-262c0e
Convert -3213322331 (base 4) to base 6.
-32205525
What is -1222121020100 (base 3) in base 8?
-4014472
Convert -99483c (base 14) to base 12.
-18a865a
1173648 (base 9) to base 11
3a7211
Convert -37135175 (base 9) to base 7.
-310166612
What is -226834 (base 9) in base 15?
-2a59d
411032110 (base 5) to base 9
3106812
Convert 71488 (base 11) to base 16.
197ce
Convert -643734 (base 11) to base 15.
-15519c
Convert -1123311330 (base 4) to base 9.
-633026
64216 (base 9) to base 16
a5db
What is -68a20b (base 12) in base 2?
-110011001010010101011
Convert -20016084 (base 9) to base 16.
-9221f5
Convert 19c93 (base 15) to base 2.
10100011101111110
What is -1102212212 (base 3) in base 13?
-cb96
331013103 (base 4) to base 16
3d1d3
-719c (base 13) to base 5
-1000202
-b34 (base 13) to base 10
-1902
-130146b (base 12) to base 4
-32033311103
Convert -125bcc (base 13) to base 9.
-742464
Convert -1312306 (base 8) to base 7.
-3052242
-22309 (base 10) to base 7
-122020
What is -116473 (base 10) in base 3?
-12220202211
Convert -5205652 (base 10) to base 4.
-103312322110
Convert 2210205 (base 6) to base 10.
110237
Convert 631923 (base 11) to base 5.
224401144
-555423 (base 11) to base 5
-211314444
Convert -7885078 (base 9) to base 2.
-10000001101010001101011
Convert 1001111001111010011 (base 2) to base 15.
66278
What is 2762385 (base 10) in base 5?
1201344020
1eab2b (base 15) to base 2
101101111010010000111
-1121210100211 (base 3) to base 10
-861943
What is 1b7676 (base 13) in base 12?
29a282
Convert -330301032 (base 4) to base 3.
-110122102220
What is 3639b (base 15) in base 16?
2a392
Convert -50166 (base 14) to base 4.
-232331232
What is 206021151 (base 7) in base 12?
4123906
680b4 (base 14) to base 10
252606
What is -1406326 (base 8) in base 4?
-1200303112
Convert 1100101000110 (base 2) to base 14.
2502
Convert -37904 (base 14) to base 11.
-93390
121110323 (base 4) to base 3
12021022012
Convert -1234123210 (base 6) to base 16.
-dcdcd6
Convert -1b7276 (base 12) to base 3.
-220212100000
Convert -1220112211001 (base 3) to base 8.
-3675552
113201330 (base 4) to base 11
66459
What is 1868873 (base 13) in base 3?
120000210211212
Convert 10110100100010100011 (base 2) to base 11.
465655
4466 (base 7) to base 10
1616
-909846 (base 10) to base 13
-25b192
Convert 2231001230 (base 4) to base 6.
23105032
-6634333 (base 8) to base 12
-72050b
What is -6460331 (base 7) in base 15?
-1085d2
Convert 46c95 (base 13) to base 2.
11111101000101000
What is -131131330 (base 4) in base 14?
-31db6
-b459 (base 14) to base 11
-21365
1000001001010100000100100 (base 2) to base 6
1410045112
What is -546536 (base 8) in base 12?
-8a33a
Convert 10000111101110100011111 (base 2) to base 8.
20756437
bc4312 (base 14) to base 13
1428b77
Convert -2558771 (base 13) to base 2.
-101100100001100010111011
aab8 (base 13) to base 12
11943
Convert 1160726 (base 11) to base 9.
3720665
Convert -10221223 (base 4) to base 5.
-1102201
144783 (base 14) to base 2
10101011110111001111
Convert 8fa2cb (base 16) to base 12.
319b637
-10324312 (base 5) to base 11
-61131
Convert 3330300211 (base 4) to base 11.
647923
What is 120333111 (base 4) in base 7?
604263
1023204204 (base 5) to base 11
1248153
Convert 392b19 (base 13) to base 4.
11100032303
What is 100110011111000 (base 2) in base 9?
30023
Convert 73526 (base 8) to base 16.
7756
Convert 1882a (base 11) to base 3.
1100001200
-179388 (base 12) to base 15
-81782
What is -138360 (base 14) in base 7?
-5512650
-101708 (base 9) to base 2
-1110101111000001
Convert -3323661 (base 7) to base 13.
-11453a
24210130 (base 5) to base 11
144600
6a01401 (base 11) to base 14
18a9388
What is 27133751 (base 8) in base 12?
2050521
221112211300 (base 4) to base 9
22352244
-21428 (base 9) to base 4
-3131321
Convert 31159 (base 12) to base 4.
33222111
What is 31432320 (base 6) in base 2?
11100001000110011000
1101735 (base 9) to base 6
20403522
Convert -56635 (base 13) to base 12.
-76a71
Convert 77872 (base 10) to base 3.
10221211011
What is -26b84 (base 12) in base 8?
-150424
-30421422 (base 5) to base 12
-bb88a
Convert -5043425 (base 6) to base 12.
-b6575
What is 123323320 (base 4) in base 15?
23d84
Convert -2aa77 (base 16) to base 12.
-85133
Convert -9821 (base 10) to base 2.
-10011001011101
1cd67 (base 15) to base 9
153127
Convert 21668746 (base 9) to base 13.
2237136
Convert -324886 (base 12) to base 5.
-200434014
Convert -67453 (base 11) to base 3.
-11222000201
What is 10041150 (base 8) in base 16?
204268
Convert -566656 (base 11) to base 12.
-375b02
-201111210 (base 4) to base 6
-2532100
Convert -100100101001001001 (base 2) to base 7.
-1163402
What is -45bd (base 16) in base 3?
-220111020
What is 531446 (base 9) in base 7?
2454231
What is -45996 (base 10) in base 12?
-22750
Convert -450241115 (base 6) to base 9.
-16274722
Convert 1011012102201 (base 3) to base 16.
95ef6
24203341 (base 5) to base 10
225471
-311333010331 (base 4) to base 2
-110101111111000100111101
1425535440 (base 6) to base 4
1003101000300
Convert -13523265 (base 7) to base 3.
-2101100022110
What is -8722480 (base 9) in base 5?
-2144223342
Convert -321012 (base 7) to base 2.
-1101100100010111
What is 75275 (base 10) in base 12?
3768b
2276561 (base 10) to base 12
919555
Convert -13011001000 (base 4) to base 3.
-10111021100011
-111101010111000101111 (base 2) to base 4
-13222320233
What is 36521643 (base 7) in base 11?
19308a7
What is 133021311201 (base 4) in base 14?
1128317
What is 3600010 (base 9) in base 3?
10200000000100
-110030110 (base 4) to base 5
-10121313
Convert 46425 (base 7) to base 13.
5538
Convert 6a434b (base 14) to base 8.
15643517
Convert -156989 (base 10) to base 4.
-212110331
Convert -2a786 (base 11) to base 10.
-43533
What is 266c (base 16) in base 12?
5838
What is 5142521 (base 6) in base 2?
111100010001010001
21001321 (base 4) to base 2
1001000001111001
-73aa5 (base 14) to base 10
-279249
What is 5a6c5 (base 13) in base 3?
22102122022
What is 551433 (base 6) in base 14?
12953
What is -54402050 (base 6) in base 11?
-a05591
Convert 731b79 (base 16) to base 12.
2639675
What is -9193b7 (base 12) in base 3?
-11021122120011
4350013 (base 6) to base 11
138685
What is -a3ac6 (base 13) in base 11?
-190a21
Convert 110331003223 (base 4) to base 16.
53d0eb
11000100001100000010110 (base 2) to base 6
345442250
Convert 300202211 (base 5) to base 15.
184271
What is 122001002 (base 3) in base 8?
30206
Convert -3ea6de (base 16) to base 12.
-1460166
What is -b313 (base 12) in base 3?
-222200120
Convert 1333203120 (base 5) to base 2.
1101000001001110101110
Convert -217607 (base 11) to base 3.
-122121201012
Convert -31031101032 (base 4) to base 7.
-41266641
Convert -f74 (base 16) to base 3.
-12102112
1121321300 (base 4) to base 13
cb7c2
1033003131 (base 4) to base 16
4f0dd
Convert 3308a7 (base 13) to base 4.
10211032123
What is 129a84 (base 11) in base 3?
101100022021
What is -8232681 (base 9) in base 3?
-22021002202201
-929f (base 16) to base 9
-56435
-af59 (base 16) to base 4
-22331121
Convert -a358b (base 12) to base 14.
-57a8b
-46581 (base 9) to base 12
-15bb4
-214342114 (base 6) to base 2
-1110101101000110111110
Convert -5151004 (base 7) to base 12.
-259364
What is 10a36a (base 13) in base 12?
16bb16
What is 1100101111000001 (base 2) in base 13?
1a985
What is -4807403 (base 9) in base 5?
-1131303321
What is 1051440142 (base 6) in base 3?
21020202